 common factor of 75075 and 781935?
1155
Calculate the greatest common factor of 1609982 and 67496.
22
Calculate the highest common factor of 5196096 and 351528.
2328
What is the highest common divisor of 350 and 1707125?
175
What is the greatest common factor of 56718021 and 57?
57
What is the greatest common divisor of 30280 and 2566987?
757
What is the greatest common divisor of 3610 and 666406?
722
What is the greatest common factor of 45 and 13634667?
9
What is the highest common factor of 109 and 188081?
1
Calculate the greatest common divisor of 414 and 3866070.
138
What is the highest common factor of 1094 and 39428307?
547
Calculate the greatest common divisor of 946 and 3592754.
22
What is the highest common divisor of 338424653 and 4385?
877
Calculate the greatest common factor of 53002269 and 45.
9
Calculate the greatest common factor of 822 and 6810544.
274
What is the greatest common divisor of 42278 and 206?
2
What is the highest common divisor of 28853 and 29403?
11
Calculate the greatest common divisor of 1088 and 1065376.
32
Calculate the greatest common factor of 586943 and 648445.
1337
What is the greatest common factor of 396042812 and 748?
748
Calculate the highest common factor of 13437 and 110169.
9
What is the highest common divisor of 7667331 and 290318?
1631
Calculate the greatest common factor of 273 and 279045.
39
Calculate the greatest common factor of 174019413 and 15.
3
Calculate the greatest common divisor of 49208 and 800.
8
Calculate the highest common divisor of 1746 and 75126306.
582
Calculate the highest common factor of 361246778 and 4701.
1567
Calculate the greatest common factor of 56637764 and 28.
4
What is the highest common divisor of 7153 and 1317923?
23
Calculate the highest common divisor of 184 and 427995500.
92
Calculate the highest common factor of 36 and 509077776.
12
Calculate the highest common factor of 386200940 and 20.
20
What is the highest common factor of 138602456 and 17210?
3442
Calculate the highest common factor of 1064307 and 3874.
149
Calculate the greatest common divisor of 40093759 and 172.
43
What is the greatest common factor of 56226 and 834?
6
What is the greatest common divisor of 26465 and 139040?
395
What is the highest common factor of 29288 and 1182664?
56
What is the greatest common factor of 26030032 and 336?
112
What is the highest common factor of 227882 and 522?
58
What is the highest common factor of 2665935 and 57195?
45
What is the highest common divisor of 72 and 50690313?
9
What is the highest common divisor of 25280497 and 18821?
649
What is the highest common factor of 78150979 and 6679?
6679
Calculate the greatest common factor of 93618 and 14.
14
Calculate the greatest common factor of 10069939 and 46850.
937
What is the greatest common divisor of 208495 and 38073?
1813
What is the highest common divisor of 82 and 4104223?
41
What is the highest common divisor of 49480874 and 430?
86
What is the highest common factor of 5073694 and 2570?
514
Calculate the highest common factor of 192 and 7152984.
24
Calculate the greatest common factor of 14 and 3754926.
14
Calculate the greatest common factor of 94638312 and 4926.
4926
Calculate the greatest common factor of 2021 and 824697.
43
Calculate the highest common divisor of 262 and 24507087.
131
Calculate the highest common factor of 30680 and 1720498.
26
Calculate the highest common factor of 46208 and 97831.
361
Calculate the greatest common factor of 13475 and 8369075.
275
What is the greatest common factor of 128 and 1844888?
8
What is the greatest common divisor of 15168 and 1064841?
237
Calculate the greatest common divisor of 12684 and 1489313.
1057
Calculate the greatest common divisor of 284160 and 7770.
1110
Calculate the highest common factor of 1065 and 3691457205.
1065
What is the greatest common divisor of 5534592 and 3132?
348
What is the highest common divisor of 137356609 and 338?
169
Calculate the highest common divisor of 232740025 and 26600.
3325
Calculate the highest common factor of 185227713 and 198.
99
What is the greatest common factor of 127118571 and 54723?
1479
What is the greatest common factor of 24791120 and 719?
719
Calculate the greatest common divisor of 7025550 and 98.
14
What is the greatest common divisor of 926965 and 1527760?
845
What is the highest common factor of 8723968 and 256?
256
Calculate the highest common factor of 1720008 and 48.
24
Calculate the greatest common divisor of 2860 and 24243648.
572
What is the greatest common divisor of 56542 and 471682?
34
Calculate the greatest common factor of 29080 and 7480.
40
Calculate the greatest common factor of 2 and 5946478.
2
Calculate the highest common factor of 1096 and 3113599.
137
Calculate the greatest common divisor of 39143300 and 14.
14
Calculate the greatest common divisor of 223665 and 608595.
195
Calculate the greatest common divisor of 105 and 106223915.
35
What is the highest common divisor of 5473247 and 13?
13
What is the greatest common factor of 4621 and 2724287445?
4621
Calculate the greatest common divisor of 332 and 20828.
4
What is the highest common factor of 5606 and 4891588178?
5606
Calculate the highest common divisor of 1712 and 4563443.
107
Calculate the highest common divisor of 6 and 2091974.
2
Calculate the highest common factor of 214827492 and 528.
132
What is the highest common factor of 243789341 and 29?
29
Calculate the greatest common factor of 5771 and 154657.
29
Calculate the highest common divisor of 92554 and 372603.
77
What is the highest common divisor of 4251455 and 3835?
65
What is the highest common factor of 63626 and 73109?
29
Calculate the greatest common divisor of 4897258 and 68.
34
What is the highest common divisor of 278400 and 33553?
29
Calculate the greatest common factor of 74637684 and 1224.
612
Calculate the greatest common divisor of 1065 and 10022640.
15
What is the greatest common factor of 35828 and 528294?
338
Calculate the greatest common factor of 300 and 16279500.
300
Calculate the highest common divisor of 6072408 and 1944.
648
What is the greatest common factor of 844 and 11121388?
844
Calculate the greatest common factor of 1590695 and 91715.
415
Calculate the highest common factor of 79362395 and 7.
7
What is the highest common divisor of 267621 and 111?
111
Calculate the highest common factor of 6876 and 14724.
36
Calculate the greatest common divisor of 2176 and 15428656.
272
What is the highest common factor of 81003000 and 4?
4
What is the highest common factor of 2499 and 207564?
147
Calculate the highest common factor of 23166 and 81796.
286
Calculate the highest common divisor of 213 and 12836587.
71
Calculate the highest common divisor of 3959 and 8137885.
107
Calculate the highest common factor of 14238 and 3796461.
1017
What is the highest common factor of 106390 and 4210?
10
Calculate the greatest common divisor of 8601 and 516906.
141
What is the greatest common factor of 11344288 and 47678?
1538
Calculate the greatest common factor of 15379340 and 4230.
470
What is the greatest common factor of 292962268 and 387?
43
Calculate the greatest common divisor of 1320 and 7846152.
24
What is the highest common factor of 5730 and 108195?
15
Calculate the highest common divisor of 220 and 3839060.
20
Calculate the greatest common factor of 300274 and 2158.
26
What is the highest common divisor of 87780 and 48660?
60
Calculate the highest common divisor of 158254 and 1509318.
2362
What is the highest common factor of 266 and 102871377?
133
Calculate the greatest common divisor of 846 and 38370518.
94
What is the greatest common divisor of 663 and 90489759?
51
What is the highest common factor of 29987604 and 1188?
108
Calculate the highest common divisor of 121 and 2153987.
11
What is the highest common divisor of 3029 and 6132793?
233
Calculate the greatest common factor of 8962516 and 64.
4
What is the greatest common divisor of 4976 and 3108671408?
4976
What is the highest common divisor of 1631919 and 381593?
8119
What is the greatest common factor of 4819 and 17429454?
79
Calculate the highest common factor of 16134 and 12930.
6
What is the greatest common divisor of 231 and 10358502?
231
What is the greatest common factor of 96 and 5269